at is h(-2)?
-6
Let x(k) = -35*k - 309. Determine x(-9).
6
Let p(v) = 4*v - 1. Determine p(7).
27
Let j(u) = -3*u**2 - 6*u - 10. Give j(-2).
-10
Let f(k) = -297*k + 300. Determine f(1).
3
Let i(o) = -2*o - 6. Give i(-7).
8
Let m(i) = -i**3 - 12*i**2 + 16*i - 2. Give m(-13).
-41
Let j(l) = -l + 17. What is j(12)?
5
Let z(l) = -l**2 + 12*l - 38. Calculate z(8).
-6
Let r(x) = 14*x + 80. Determine r(-6).
-4
Let p(q) = 2*q**3 - 2*q**2 + 5*q - 6. Calculate p(2).
12
Let v(p) = p**3 - 5*p**2 - 7*p + 12. Determine v(6).
6
Let y(q) = -q**2 + 14*q - 8. What is y(6)?
40
Let s(u) = -4*u - 54. Calculate s(-25).
46
Let l(m) = m**3 + 7*m**2 - 2*m - 25. Calculate l(-6).
23
Let q(v) = v**2 + 5*v - 33. What is q(-8)?
-9
Let j(o) = -o. Calculate j(-5).
5
Let y(s) = 2*s - 14. Determine y(12).
10
Let f(n) = -83*n - 247. Determine f(-3).
2
Let c(j) = -j**3 + 4*j**2 - 2*j - 3. What is c(4)?
-11
Let n(p) = -p + 5. Give n(0).
5
Let r(d) = -3*d - 79. What is r(-30)?
11
Let c(m) = m**2 + 5*m + 2. Determine c(-3).
-4
Let y(n) = 4*n - 16. Give y(0).
-16
Let p(d) = d + 10. Calculate p(0).
10
Let n(x) = -23*x + 11. Give n(1).
-12
Let v(g) = g**3 + 18*g**2 + 35*g + 44. Determine v(-16).
-4
Let r(m) = -11*m - 10. Determine r(-9).
89
Let w(x) = -12*x + 2. What is w(1)?
-10
Let f(n) = -3*n**3 + 18*n**2 + 2*n - 26. Determine f(6).
-14
Let p(a) = 7*a + 89. What is p(-13)?
-2
Let c(k) = -k**3 - 5*k**2 + 49*k - 10. Determine c(-10).
0
Let d(q) = -q**2 + 7*q - 14. What is d(6)?
-8
Let o(b) = b**2 + 11*b - 64. What is o(-14)?
-22
Let p(h) = 10*h + 28. What is p(-17)?
-142
Let u(z) = 8*z**2 - 107*z - 5. What is u(13)?
-44
Let h(r) = -r**3 - 3*r**2 - r - 9. Determine h(-4).
11
Let a(s) = s**3 + 5*s**2 + 4*s + 11. Give a(-5).
-9
Let b(i) = -8*i - 6. Give b(1).
-14
Let g(n) = 4*n**2 + 35*n + 19. Calculate g(-9).
28
Let b(o) = -o**2 - 8*o - 10. Calculate b(-9).
-19
Let y(i) = -i**3 - 3*i**2 - 3*i - 2. Calculate y(-3).
7
Let r(c) = 7*c**2 - c - 1. What is r(-2)?
29
Let p(f) = f**2 - 20*f - 33. Give p(21).
-12
Let g(q) = 50*q + 101. What is g(-2)?
1
Let s(a) = a**3 - 2*a**2 - 3*a - 3. Calculate s(3).
-3
Let p(q) = -q**2 + 17*q - 16. Give p(16).
0
Let v(f) = -f**2 - 10*f - 5. What is v(-9)?
4
Let o(w) = w**2 - 12*w - 32. Give o(14).
-4
Let o(p) = -p**3 - 6*p**2 + 10*p + 23. Give o(-7).
2
Let k(a) = a + 24. Determine k(-13).
11
Let s(d) = d**2 + 11*d + 8. Determine s(-8).
-16
Let k(t) = -2*t**2 + 35*t + 156. What is k(21)?
9
Let o(q) = 9*q + 2. Determine o(-3).
-25
Let n(q) = -6*q. What is n(-3)?
18
Let s(d) = -12*d + 2. Calculate s(-13).
158
Let g(i) = -2*i**2 - 25*i - 10. Calculate g(-12).
2
Let v(r) = r**3 - 7*r**2 - r - 5. Determine v(7).
-12
Let b(a) = a**2 + 8*a + 14. What is b(-6)?
2
Let k(u) = -u**3 + 3*u**2 - 5*u. Give k(2).
-6
Let u(h) = -h**2 + 3*h + 60. Give u(-6).
6
Let r(p) = -p**3 - 13*p**2 - 13*p - 7. Give r(-12).
5
Let o(w) = -10*w**2 + 13*w + 2. Give o(3).
-49
Let l(i) = -i + 42. Calculate l(19).
23
Let n(z) = -z**3 + 9*z**2 + z - 8. Determine n(9).
1
Let f(j) = 15*j - 4. Calculate f(2).
26
Let u(w) = -3*w**2 + 5*w + 2. Give u(1).
4
Let r(o) = -o**2 + 3*o - 8. Determine r(5).
-18
Let q(w) = 4*w**2 - 72*w + 254. Calculate q(13).
-6
Let k(l) = 6*l**2 - 11*l + 3. Determine k(2).
5
Let k(o) = 7*o**3 - 50*o**2 + 14*o - 30. Give k(7).
19
Let c(a) = a**3 + 10*a**2 + 14. Determine c(-10).
14
Let r(q) = -q**3 + 4*q**2 + 13*q - 52. Calculate r(4).
0
Let b(o) = 35*o**3 - o + 1. Give b(1).
35
Let q(m) = m**3 + 47*m**2 + 88*m - 85. What is q(-45)?
5
Let j(g) = -4*g - 4. Determine j(-10).
36
Let w(c) = -c**2 + 7*c + 16. Determine w(-9).
-128
Let z(k) = -k**2 - 6*k + 5. What is z(-7)?
-2
Let t(r) = -9*r - 8. Determine t(-4).
28
Let t(j) = 65*j**2 + 3*j + 2. What is t(-1)?
64
Let o(t) = t**3 + 13*t**2 + 33*t + 24. Determine o(-10).
-6
Let t(m) = -m**3 - 8*m**2 - 4*m - 115. Determine t(-9).
2
Let q(d) = 4*d + 22. Determine q(-6).
-2
Let j(a) = 9*a + 1. Determine j(7).
64
Let t(h) = -14*h + 19. Give t(-8).
131
Let r(w) = -5*w**2 + 17*w + 5. Give r(5).
-35
Let g(h) = h**3 + 6*h**2 - 2. Give g(-2).
14
Let b(h) = h**2 + 22*h + 59. Determine b(-20).
19
Let g(y) = -y**2 - 92*y - 588. What is g(-7)?
7
Let l(x) = -x**2 + 8*x - 19. What is l(4)?
-3
Let i(m) = m**2 - 24*m + 132. Determine i(15).
-3
Let n(q) = 30*q + 7. Calculate n(2).
67
Let u(i) = i**2 - 15*i + 26. Calculate u(13).
0
Let j(a) = a**3 - 6*a - 13. What is j(-2)?
-9
Let l(v) = -19*v + 39. What is l(2)?
1
Let x(p) = 8*p - 1. What is x(-3)?
-25
Let t(x) = -2*x**3 - 29*x**2 + 11*x - 17. Determine t(-15).
43
Let u(h) = -6*h**3 + 2*h + 2. Give u(-2).
46
Let w(g) = -g**2 + 27*g - 26. Determine w(26).
0
Let k(a) = a + 7. Calculate k(-5).
2
Let r(l) = l**3 - 2*l**2 + 13*l + 3. Determine r(4).
87
Let j(a) = -10*a**3 + a**2 + a. Determine j(-1).
10
Let w(t) = -6*t - 68. What is w(-16)?
28
Let v(x) = 72*x + 285. Give v(-4).
-3
Let d(n) = n**2 + 2*n + 2. Calculate d(-2).
2
Let g(n) = 3*n**2 + 25*n + 33. Give g(-10).
83
Let o(d) = 2*d**2 + 58*d + 111. Give o(-27).
3
Let s(h) = -23*h + 128. Determine s(6).
-10
Let z(o) = -o - 3. What is z(-8)?
5
Let g(x) = -3*x**2 - 68*x + 21. Give g(-23).
-2
Let g(w) = -15*w**2 + 108*w - 7. Determine g(7).
14
Let q(y) = -4*y + 150. Determine q(40).
-10
Let c(m) = -9*m**3 - m**2 + 8*m + 7. Determine c(-1).
7
Let c(k) = -k**3 + 7*k**2 - 9*k - 3. Give c(5).
2
Let j(t) = t**3 + 30*t**2 + 3*t + 83. Give j(-30).
-7
Let y(m) = 15*m**2 + 3*m - 4. Determine y(1).
14
Let f(c) = -c**2 + 7*c + 37. Determine f(12).
-23
Let w(r) = r**2 - 4*r - 12. Determine w(10).
48
Let y(n) = 2*n. Calculate y(1).
2
Let y(h) = 3*h**3 + 2*h**2 - 2*h + 10. Calculate y(0).
10
Let x(d) = -d**3 - 12*d**2 + 14*d + 11. Give x(-13).
-2
Let a(b) = -7*b**2 - b + 2. Determine a(-2).
-24
Let c(i) = -i**2 - i - 34. What is c(0)?
-34
Let v(w) = -58*w - 425. What is v(-7)?
-19
Let t(b) = 5*b**2 + 136*b + 29. Calculate t(-27).
2
Let m(s) = -s**2 - 27*s - 170. Calculate m(-10).
0
Let o(k) = 91*k - 641. Give o(7).
-4
Let o(u) = 2*u**3. Give o(2).
16
Let q(a) = -5*a**2 + 2*a. Determine q(1).
-3
Let t(c) = c**3 - 4*c**2 - 4*c. Give t(5).
5
Let t(y) = 10*y - 3. Give t(1).
7
Let t(p) = p + 24. Determine t(-25).
-1
Let r(w) = 2*w**2 + 16*w + 10. Determine r(-7).
-4
Let c(z) = z - 50. Calculate c(23).
-27
Let o(r) = 2*r - 21. Calculate o(6).
-9
Let a(q) = q**3 - 12*q**2 - 7*q - 40. Determine a(13).
38
Let m(b) = -b**2 + 6*b - 19. Give m(7).
-26
Let f(j) = -8*j - 3. What is f(-1)?
5
Let n(b) = -3*b**2 - 6*b. What is n(-4)?
-24
Let j(l) = -4*l**3 - l**2 + 2*l - 3. What is j(2)?
-35
Let n(h) = -2*h**2 - 7*h - 18. What is n(-2)?
-12
Let h(c) = c**2 + 8*c - 10. Calculate h(-9).
-1
Let s(m) = m**2 + 6*m + 5. Calculate s(-4).
-3
Let t(q) = -q**3 + 4*q**2 - 2. Give t(5).
-27
Let p(x) = -x**3 + 18*x**2 + 6*x - 37. Calculate p(18).
71
Let l(z) = -z**3 - 12*z**2 + 14*z + 3. Give l(-13).
-10
Let n(i) = -2*i**2 + 17*i - 9. Give n(7).
12
Let k(m) = m**2 + 10*m - 9. Give k(-10).
-9
Let j(z) = -z - 7. What is j(-6)?
-1
Let y(d) = -24*d - 41. Calculate y(-2).
7
Let w(n) = 11*n - 32. What is w(3)?
1
Let b(m) = -m**2 - m - 1. Calculate b(4).
-21
Let g(z) = z**3 - 8*z**2 - 2*z + 1. What is g(8)?
-15
Let l(s) = 3*s - 25. Give l(5).
-10
Let r(w) = w - 11. What is r(4)?
-7
Let x(m) = -m**3 - m**2 - 68. What is x(0)?
-68
Let f(p) = -52*p**3 + p**2 + p - 1. Determine f(1).
-51
Let f(m) = 7*m + 6. What is f(-5)?
-29
Let o(i) = -i**2 - 2*i + 10. Calculate o(-6).
-14
Let y(x) = 2*x**2 + 24*x + 3. Calculate y(-13).
29
Let c(o) = o**3 - 4*o**2 - 6*o. What is c(6)?
36
Let j(n) = -n**3 + 2*n**2 - 5*n + 4. What is j(3)?
-20
Let g(l) = -13*l + 50. Give g(4).
-2
Let d(a) = a**3 + 2*a**2 + 3*a + 22. Determine d(0).
22
Let i(u) = -u**2 + 9*u + 187. Give i(-10).
-3
Let t(n) = -10*n + 3. Give t(1).
-7
Let f(k) = k**3 - 33*k**2 + 32*k + 11. Calculate f(32).
11
Let p(u) = u**3 - 10*u**2 + 4. Determine p(10).
4
Let b(q) = -q**3 + 8*q**2 - 11. Calculate b(8).
-11
Let u(r) = -2*r**2 - r + 10. What is u(0)?
10
Let v(c) = -c**3 - 4*c**2 + 2*c + 3. Determine v(-5).
18
Let m(s) = 10*s**2 - 6*s - 7. What is m(4)?
129
Let a(p) = -26*p - 970. Determine a(-37).
-8
Let b(q) = q**2 + 7*q - 16. Determine b(-9).
2
Let s(l) = -2*l**3 + 39*l**2 - 21*l + 24. What is s(19)?
-14
Let g(s) = 155*s + 1551. Give g(-10).
1
Let y(t